13 + k. Suppose f + 3 = -0, -5*t = 5*f - z. List the prime factors of t.
5, 11
Let k = 70550 - 33340. What are the prime factors of k?
2, 5, 61
Let r = -209 + 205. What are the prime factors of ((-2198)/28)/(2/r)?
157
Let q(c) = 11 + 1830*c - 2 - 3*c**2 - 1812*c. Let d be q(7). List the prime factors of (-4)/(-2)*(-966)/d.
7, 23
Let f(p) be the first derivative of p**5/15 - p**4/6 - 27*p**2/2 + 23. Let h(l) be the second derivative of f(l). List the prime factors of h(8).
2, 7
Let w(t) = t. Let u be w(0). Suppose 10*p = -u*p + 6560. Suppose -5*f - 4*b = -b - 821, -p = -4*f - 2*b. List the prime factors of f.
163
Let q(n) = -912*n**2 + 1. Let v(a) = -912*a**2 + 1. Let j(s) = -7*q(s) + 6*v(s). List the prime factors of j(-1).
911
Let c = -1267 - -3637. Suppose -c - 880 = -10*z. List the prime factors of z.
5, 13
Suppose 0 = -50*v + 19*v + 377704. What are the prime factors of v?
2, 1523
Let t(m) = -185*m**3 - 2*m**2 - 7*m - 7. Let h be 8/(-2) + (-58)/(-29). List the prime factors of t(h).
3, 17, 29
Suppose -4*n - 30*o + 27*o + 30884 = 0, 15442 = 2*n - 5*o. What are the prime factors of n?
7, 1103
Let c = -3 - -8. Suppose c*i - 2696 = -716. List the prime factors of i.
2, 3, 11
Let v be (3 + 22/4)*8/(-4). Let c be -2 + (4/2 - 3)*v. Let m = c - -81. What are the prime factors of m?
2, 3
Suppose 7*h + 2*c - 25587 = 5*c, c - 10959 = -3*h. List the prime factors of h.
2, 3, 7, 29
Let p be -6 - (2 + -3) - -10. Suppose 2*o + p*z = -21, z + 2 = o - 5. Suppose -4*s - o*h = -6*s + 172, -5*s = -2*h - 421. What are the prime factors of s?
83
Let j = -17275 + 26632. What are the prime factors of j?
3, 3119
Let s = 53 - -106. Suppose -4*c + 99 = k, 4*k - c - 89 = 3*k. Let j = k + s. List the prime factors of j.
2, 5
Suppose 0 = 3*x - 10*c - 116701, 37*x - 38891 = 36*x + c. What are the prime factors of x?
37, 1051
Let k = -128 - -156. Let s(z) = z**2 - 18*z + 115. What are the prime factors of s(k)?
5, 79
Suppose 1645 = 4*h - l, -3*h + 5*l = -8*h + 2050. Let w be h/6*22/11. Let n = -26 + w. What are the prime factors of n?
3, 37
Let z(y) = 49*y**2 + 3 + 35*y**2 + 12*y**2 + 32*y**2 + y. List the prime factors of z(-1).
2, 5, 13
Let x = 571 - 75. Suppose 3*h = 3*v + 924, 5*h = -v + 1026 + x. List the prime factors of h.
5, 61
Let c = -9812 + 17843. List the prime factors of c.
3, 2677
Let s = -72 - -57. Let w = s - -60. Suppose -49*v + w*v = -336. List the prime factors of v.
2, 3, 7
Let y(i) = -92*i**3 + 6*i**2 + 60*i + 191. What are the prime factors of y(-3)?
2549
Suppose -z + 4*b = -7758, 19*z = 15*z + b + 31002. What are the prime factors of z?
2, 5, 31
Let f(o) = -104*o + 84. What are the prime factors of f(-18)?
2, 3, 163
Suppose -2*b - 28768 = 15*h - 17*h, -5*b = -5. List the prime factors of h.
3, 5, 7, 137
Let o = -84 - -148. Let p be (o/6)/(2/6 + 0). Suppose 2*v + p + 179 = 5*q, -v = -2*q + 84. What are the prime factors of q?
43
Let v = -1261 + 1259. Suppose -443 = r + 4*r + 4*g, -r - 3*g = 93. Let a = v - r. What are the prime factors of a?
5, 17
List the prime factors of (35/(-20))/(10434/62712 - 3/18).
7, 13, 67
Let c(w) = -2*w + 78. Let r be c(14). List the prime factors of (48/(-60))/((-4)/r).
2, 5
Let q(s) = s**2 + s - 4. Let g(v) = 11*v + 41. Let k be g(-4). Let u be q(k). What are the prime factors of u/4 + 2367/18?
2, 3, 11
Suppose -5*j + 17 = -128. Let y be (-1 + (-2 - j))*2/(-4). Suppose -698 = -6*v + y. List the prime factors of v.
7, 17
Suppose -31*y = 163060 - 530689. What are the prime factors of y?
3, 59, 67
Suppose -t = 3*o + 6, -3*t + 6*t - 34 = 4*o. Suppose -t*k + 14*k - 1784 = 0. What are the prime factors of k?
223
Suppose 0 = 2*y + 5*x - 4, -x - x = 0. List the prime factors of y - 1014/(-6)*2.
2, 5, 17
Let y be (-2)/5 + 665/(-25). Let l = 71 + y. What are the prime factors of (-8)/l + (-3396)/(-44)?
7, 11
Let i = 51329 + -30760. What are the prime factors of i?
67, 307
Suppose -p - 3*p + 18 = 5*s, -5*s - p = -27. Let i(m) = -7*m - 6. Let y be i(s). Let h = -12 - y. List the prime factors of h.
2, 3
Let u(a) = 5*a**2 - 8*a + 12. Let s(q) = 2*q**2 - 3*q + 4. Let b(l) = 7*s(l) - 2*u(l). Let k be b(2). Suppose 1023 = w + k*w. What are the prime factors of w?
3, 31
Suppose 36*l = 46*l + 490. Let m = l + 158. What are the prime factors of m?
109
Let r(n) = 5*n**2 + 5*n - 21. Let h(x) = 2*x**2 + 7*x + 13. Let c be 1*(-1)/((-2)/16*-4). Let j be h(c). What are the prime factors of r(j)?
7, 37
Let j = 58 - 55. Suppose k = -5*q - 8, k + 4*q + 0 = -j. Let y(t) = 9*t - 29. List the prime factors of y(k).
2, 31
Let n = 9620 + -5512. What are the prime factors of n?
2, 13, 79
Let g be (-494111)/423 - 2/(1 - 19). Let h = -634 - g. List the prime factors of h.
2, 3, 89
Let n = 47 + -22. Let f(y) = 19*y**2 + 13*y**3 - 12*y**3 - n + y**2 - 30*y + 5*y. List the prime factors of f(-21).
59
Let d = -165 + 231. Suppose -53*o - 1441 = 891. Let l = o + d. List the prime factors of l.
2, 11
Let w = 19062 + -3173. List the prime factors of w.
15889
Let r(n) = n**3 + 7*n**2 + 4*n - 7. Let c be r(-6). Let k(h) be the first derivative of 4*h**3/3 + h**2 - 44. What are the prime factors of k(c)?
2, 5, 11
Let q be -9*(4 - 52/12). Let l(h) = q*h + 2*h - 4*h + 25 + 0*h. What are the prime factors of l(11)?
2, 3
Suppose 0 = -3*f - 5*j + 2622 + 5829, 5*j + 11198 = 4*f. What are the prime factors of f?
7, 401
Let z(j) = j**3 + 5*j**2 + 10*j + 16. Let n be z(-7). Let w be 17160/n - 6/57. Let y = w + 158. What are the prime factors of y?
3, 5
Suppose 4*o - 5024 = -4*o. Let q = o + -262. Suppose 10*m - 394 = q. List the prime factors of m.
2, 19
Suppose 7*f - 11*f + 8 = 0. Let d(w) = 8*w**2 - 5*w. Let l be d(4). Suppose -f*a + l = 4*a. List the prime factors of a.
2, 3
Let w(i) = i**2 - 13*i + 3. Let q be w(13). Suppose -40 = -q*g - 7*g. List the prime factors of (-2 - -1)*-59 - g.
5, 11
Let u be (-3360)/((-21)/7) - (-6 - -2). Suppose 0 = 37*o - 41*o + u. What are the prime factors of o?
281
Let o(h) = -94*h - 697. List the prime factors of o(-20).
7, 13
Suppose 2*p - p = 3*p - 20986. List the prime factors of p.
7, 1499
Let f be (2/(-2) - -5) + (38 - 6). Suppose -5*k - 10 = 15. List the prime factors of f + k + -3 + 7.
5, 7
Let g(j) = j**3 - 8*j + 6*j + 9*j + 2*j + 9*j**2 + 6. Let k be g(-8). Let v = 16 - k. List the prime factors of v.
2, 3
Let s = 6729 - -12595. List the prime factors of s.
2, 4831
Let o be -3 + (4 - (-1 - 3)). List the prime factors of o + 18426/42 - 4/(-14).
2, 3, 37
Let d(v) = -10 + 10*v - 5*v - 2*v. Let p be d(9). Let n = 19 - p. What are the prime factors of n?
2
Let n(v) = -12*v**2 + 2*v + 878. List the prime factors of n(0).
2, 439
Let q be (-3)/12 + 57/(-12). Let d be 4/(-22) + (582/(-66) - 0). Let i = q - d. What are the prime factors of i?
2
Let u be (-20)/(-6)*(-54)/(-45). Suppose u*b - 4*q = 862 - 154, 3*b - 4*q - 531 = 0. What are the prime factors of b?
3, 59
Let u = 11 + -13. Let y be -157 + (-4 - u - -5)/(-1). Let f = y + 257. List the prime factors of f.
97
Suppose -5*c + 18 = p, 0*p + 12 = 5*c + 4*p. Suppose c = -b + 3*b. Suppose -2*g = b*a - 0*a - 112, 0 = -2*g + a + 103. List the prime factors of g.
53
Suppose c - a = 2538, a + 7622 = -3*c + 6*c. List the prime factors of c.
2, 31, 41
Let x(g) = 0 + 7 + 303*g - 304*g + 6*g**2. Suppose 6 - 15 = -3*n. List the prime factors of x(n).
2, 29
Let g(j) = -38*j**3 - 17*j**2 - 98*j + 3. What are the prime factors of g(-4)?
5, 7, 73
Let k(m) = -m**3 - 19*m**2 - 8*m - 332. What are the prime factors of k(-29)?
2, 3, 5, 277
Let d(j) be the third derivative of 2*j**3 + 0 + 1/120*j**6 + 0*j - 11*j**2 - 5/24*j**4 + 1/10*j**5. List the prime factors of d(-6).
2, 3, 7
Let n = 5431 + -4521. What are the prime factors of n?
2, 5, 7, 13
Let k be (-9)/(-15) + 3766/(-35). Let h = k - -310. List the prime factors of h.
7, 29
Suppose -37*g = -4*c - 34*g + 18821, -2*g - 18826 = -4*c. List the prime factors of c.
17, 277
Suppose -6*y + y + 300 = 0. Let p be (1 - 2/6)/(y/(-90)). Let v(z) = -63*z**3 + z. List the prime factors of v(p).
2, 31
Suppose 13*f = 14*f - 5*w - 25174, -4*w = 5*f - 126044. What are the prime factors of f?
2, 6301
Let m(n) = n**3 - 3*n**2 + 6*n + 3336. List the prime factors of m(0).
2, 3, 139
Let x = 37 - 22. Suppose 111*y = 137*y - 130. Suppose y*s = x + 45. What are the pri